-5 + 4. What is the highest common divisor of 12 and t?
12
Let n be ((-56)/(-10) + -4)*10. Calculate the greatest common divisor of 16 and n.
16
Suppose 2*f - 88 = -2*u - 36, -54 = -2*f - 3*u. What is the greatest common factor of 18 and f?
6
Suppose -77 = 3*a - 4*a. Calculate the highest common factor of 11 and a.
11
Let h be (2 - 1)/(1/(-5)). Let p be 12/(-15)*(0 + h). Suppose -4*r + 1 = -q + 6, 2*q = p*r + 14. Calculate the highest common factor of 9 and q.
9
Suppose 4*n - 52 = 2*j - j, 0 = 5*j. Suppose -z - 10 = -36. What is the highest common divisor of n and z?
13
Suppose -4*y = -2*l - 3*y + 220, 3*y = 0. Let t = 35 - 25. Calculate the greatest common divisor of l and t.
10
Suppose -2*v + 4*b = 2*b - 2, -5*v - 4*b + 14 = 0. Suppose 5*o = v*o + 264. What is the greatest common factor of o and 11?
11
Let a = -1 - -3. Let b = 11 - 14. Let l(n) = n + 5. Let q be l(b). What is the greatest common factor of a and q?
2
Suppose -4*g - g - 5 = 0. Let s be (-3)/g*11/3. What is the highest common factor of 44 and s?
11
Let j(k) = k**3 - 2*k**2 - 4*k. Let a be j(5). Calculate the greatest common factor of a and 11.
11
Suppose 5*y = 2*s - 25, 4*s - 3*y = 2*y + 55. Calculate the highest common factor of s and 30.
15
Suppose 0 = 5*h + w - 46, -4*h - h - 4*w = -49. Calculate the greatest common factor of h and 1.
1
Suppose 4*a - a - 57 = 0. Let f = 23 - a. Calculate the greatest common divisor of 20 and f.
4
Let x(u) = -u + 9. Let g be x(0). Suppose -4*r + g*r - 90 = 0. Suppose 0 = 2*s + 6, 5*s - 33 = 4*m - 120. Calculate the greatest common divisor of m and r.
18
Suppose 3*n + 7*r - 10*r + 3 = 0, 0 = n + 3*r - 19. What is the greatest common factor of n and 44?
4
Suppose q = 3*i - 72, 45 = 3*i + 4*q - 12. Suppose 2*g - 184 = g. What is the highest common factor of i and g?
23
Suppose m - 8 = 5*m, 4*f = -5*m + 310. Suppose -l - l = -f. Calculate the greatest common factor of l and 5.
5
Let l(p) = -33*p + 9. Let b be l(-1). Suppose 0*h + 4*h = 112. What is the greatest common factor of h and b?
14
Let z = -246 - -461. Let a = z - 107. Calculate the greatest common divisor of a and 12.
12
Let g = -159 - -280. What is the highest common factor of 22 and g?
11
Suppose -2*u + 10 = 0, 3*g + 2*u - 73 = 153. Suppose 0 = -3*q - 0 + 36. Calculate the greatest common divisor of q and g.
12
Let i(a) = -a**3 + 9*a**2 - 9*a + 7. Let s be i(8). Let o be 1 + 0/(s - 1). Calculate the highest common factor of o and 2.
1
Suppose 4*m = 3*q + 63, 0 = -3*m + 4*m + 4*q + 8. What is the greatest common factor of m and 84?
12
Let p = 20 + 52. What is the highest common factor of p and 9?
9
Let s(c) = -c**2 + 12*c - 4. Let a be s(11). Let w = 18 - a. Calculate the highest common divisor of w and 1.
1
Let y(f) = -5*f + 2. Let s(v) = -5*v + 3. Let r(k) = -6*s(k) + 7*y(k). Suppose 12 + 0 = -3*o. Let m be r(o). Calculate the greatest common divisor of m and 80.
16
Let z(i) = 4*i**2 + 6*i + 6. Let g be z(-3). What is the highest common divisor of 60 and g?
12
Let i(n) = -n**2 + 12*n - 4. Let f(g) = -g**3 + 2*g**2 + 3*g + 1. Let c be f(-2). Let p be i(c). What is the greatest common divisor of p and 1?
1
Let o be 6/4 + (-4)/(-8). Calculate the greatest common divisor of 2 and o.
2
Let u(k) = -k + 8. Let a be u(5). What is the highest common factor of 21 and a?
3
Let t be ((-497)/(-3))/7 - (-4)/(-6). What is the greatest common divisor of t and 23?
23
Let d(m) = 6*m + 7. Let y(n) = -5*n - 7. Let h(o) = 3*d(o) + 4*y(o). Let j be h(-5). Calculate the highest common factor of j and 24.
3
Suppose 5*k - 3*k - 56 = 0. What is the greatest common divisor of k and 7?
7
Let d(q) = 3*q**2 + 15*q + 57. Let s be d(-4). Let z = 36 + -21. Calculate the greatest common factor of z and s.
15
Let j = -114 - -227. Suppose -4*z + j + 7 = 0. Calculate the highest common divisor of z and 3.
3
Suppose -3*c + 4*u + 27 = 0, 5*c - 45 = -0*c + 4*u. Let r be 152/6*(-6)/(-4). Suppose -2*t = -34 - r. What is the highest common divisor of c and t?
9
Let m(v) = v**2 - 8*v + 9. Let p be m(9). Calculate the highest common factor of 126 and p.
18
Let q = 3 + -1. Suppose -18 = -q*h - 0*h. Let x be 60*3/(h/3). Calculate the greatest common factor of 10 and x.
10
Let x(p) = -15*p**3 + 2*p**2 + 2*p + 1. Let s be x(-1). Suppose -4*b + 3*v + 90 = 0, 7*v + 64 = 3*b + 3*v. What is the highest common factor of b and s?
8
Suppose -z - z - 4*r + 18 = 0, 0 = -4*z + 3*r + 3. Suppose -83 = -4*l + 3*x, 48 = z*l - 5*x - 28. What is the highest common factor of 136 and l?
17
Suppose -3*a - 240 = -4*a. Suppose t + 2*t - 4*r - 180 = 0, -3*r = 4*t - a. Suppose -4*s + s = -72. What is the greatest common divisor of t and s?
12
Let b = 25 - 13. Suppose -4*y + b + 32 = 0. Calculate the greatest common factor of 88 and y.
11
Let y = -10 - -10. Suppose 16 = -4*m, -5*f + 1041 = -y*f + m. Calculate the greatest common factor of 19 and f.
19
Let i be (-295)/(-10) + ((-14)/4)/(-7). Let f be (-150)/(-4)*(0 + 2). Calculate the greatest common factor of f and i.
15
Let i(y) = y**3 + 4*y**2 - 3*y - 3. Let c = 10 - 14. Let s = c - 0. Let q be i(s). Calculate the highest common factor of q and 1.
1
Let l(m) = -m**3 - 5*m**2 - 3*m + 1. Let v be l(-5). What is the greatest common factor of v and 40?
8
Let i = 22 + -14. Let f(o) = -o**3 + 8*o**2 - o + 9. Let s be f(i). What is the greatest common divisor of 9 and s?
1
Let d(v) = 222*v**2 + 2*v + 1. Let f be d(-1). Let n be f - 2*1/2. Suppose n = 5*k - k. What is the greatest common factor of k and 5?
5
Let l = -12 - -68. Calculate the greatest common factor of 8 and l.
8
Let x(l) = 3*l - 1. Let s be x(1). Suppose 2*f - 5*k = 145, -4*f + 0*k = s*k - 254. Calculate the highest common divisor of f and 13.
13
Let f = -63 + 111. Let l(d) = d**2. Let n be l(-4). What is the highest common factor of f and n?
16
Suppose -6*m + 2*m - 30 = -d, 2*m = d - 30. What is the greatest common divisor of 12 and d?
6
Suppose l - 198 = 3*l. Suppose -s = s + 6. Let a be ((-2)/s)/((-1)/l). Calculate the greatest common factor of 22 and a.
22
Suppose y = -5*a + 10, 2 = y - 4*a + 1. Let i be (10/4)/y*16. What is the greatest common divisor of i and 32?
8
Suppose -8*o + 249 = -5*o. Suppose 4*z + o = 5*l - 0*z, 2*l = 3*z + 36. What is the greatest common factor of 3 and l?
3
Let s be -1*3*(-2)/(-6). Let b = s + 20. Suppose -3*g = -q + b + 20, 0 = -3*q - g + 127. What is the greatest common divisor of 6 and q?
6
Let n(t) = -t**3 + 3*t**2 + 4*t + 1. Let z be n(3). Let m = -4 + z. What is the greatest common divisor of m and 45?
9
Let v(b) = b**3 + 6*b**2 + 6. Let n be v(-6). What is the highest common divisor of 12 and n?
6
Let d = -8 - -10. Let c be 9/(2 + (-1)/d). Let i(t) = t**3 - 5*t**2 - 5*t + 4. Let f be i(c). Calculate the greatest common factor of 80 and f.
10
Let c(i) = 7*i + 15. Let k = 11 + -4. Let f be c(k). Calculate the greatest common divisor of 8 and f.
8
Let g = -17 + 29. Suppose 0*b - 5*b = -90. Calculate the greatest common divisor of g and b.
6
Suppose -b + 6*b - 60 = 0. What is the greatest common factor of 108 and b?
12
Let w = -189 + 343. Let f be (13/(-6) - (-4)/24)*-7. What is the greatest common factor of w and f?
14
Let y = 362 + -187. Calculate the greatest common divisor of y and 70.
35
Suppose -6*b = -b. Suppose b*w + 25 = 5*w. Let h(f) = 4*f**2 - 2*f - 1. Let t be h(-1). Calculate the highest common divisor of w and t.
5
Let x be (2 + -3 - 0)/(-1). Calculate the greatest common factor of 5 and x.
1
Suppose m + 0*m = 0. Suppose -6*i + 5*a + 26 = -3*i, m = 3*i - 4*a - 28. Calculate the greatest common factor of i and 132.
12
Suppose 3*m = -4*m + 28. Suppose 0 = 2*x + x - 132. What is the greatest common divisor of m and x?
4
Suppose 300 = 5*l + 5*g, -2*l - 3*g + 140 = -5*g. What is the highest common divisor of 26 and l?
13
Let z be -5 + 8/2 + 6. What is the highest common divisor of 55 and z?
5
Let v be (-1)/2 + 862/4. Suppose -j = 3*g - 10, -3*g + 25 = -j - j. Suppose -g*f + v = -65. Calculate the highest common factor of 7 and f.
7
Let b be 1*(-21)/6*-2. Let g = -6 + b. Calculate the greatest common divisor of g and 3.
1
Let x = 100 + 90. Calculate the highest common factor of 10 and x.
10
Suppose -2*z = 3*s - 26, -6*s - 46 = -5*z - 4*s. Calculate the highest common factor of 110 and z.
10
Let b(q)